 (-4)/16. Calculate the highest common divisor of 14 and p.
14
Suppose -195 + 75 = 5*h - 2*t, h = t - 24. Let x be (25/30)/((-4)/h). Calculate the greatest common factor of 10 and x.
5
Let o = 5 - 5. Suppose o = -3*l - 2*l. Suppose k - 5*k + 128 = l. Calculate the highest common factor of 48 and k.
16
Suppose -13*q = -272 - 222. Calculate the highest common divisor of q and 874.
38
Suppose 8*m - 9*m = -29. Suppose 5*i - 569 = -m. Calculate the highest common factor of 12 and i.
12
Let h(p) = 7*p**2 + 3*p**2 - 6*p**2 + 3 - p**3 + 11*p**2 + 17*p. Let d be h(16). Let w be -76*(-3)/6*1. Calculate the highest common factor of w and d.
19
Let l be (11/33)/((-8881)/(-1776) - 5). Calculate the greatest common divisor of 64 and l.
16
Suppose 0 = -2*t + 47 + 29. Let i = -25 + t. What is the greatest common divisor of 13 and i?
13
Let n be (-8)/(-12)*(8 + 127). What is the greatest common divisor of 198 and n?
18
Suppose -40*u + 37*u = 165. Suppose 3*w = 3*c + 256 + 98, 0 = 3*w - 4*c - 357. Let t = w + u. What is the greatest common divisor of t and 24?
12
Suppose -l - 220 = -6*l. Suppose -5*z + 5*x = 2*x - 6, -4*x - 8 = -5*z. Suppose z = 2*h - 572 - l. Calculate the greatest common divisor of h and 28.
28
Let w(t) = -2 + 2 - 6 + 10 + 10*t. Let u be w(6). Suppose 3*k - 12 = 12. What is the highest common factor of k and u?
8
Let v = 7 - 9. Let h be (1 - v)/6*42. Suppose -n - h = 5*x + 1, 2*n = x + 11. What is the highest common divisor of n and 6?
3
Let c(h) = 10*h**2 - 6*h + 6. Let r be c(2). What is the greatest common factor of r and 34?
34
Let m be (-162)/(-10) + (-18)/90. Let i = -8 + 46. Let n = i - -74. Calculate the highest common divisor of m and n.
16
Let i(m) = 2 - 4*m**2 + 2*m**2 + 3*m**2 - 11*m. Let d be i(12). Let t = -124 - -222. What is the greatest common divisor of d and t?
14
Let w = -25 - -21. Let l = 33 - 21. Let q be 3/l + (-287)/w. Calculate the greatest common divisor of 24 and q.
24
Suppose 4864 = -101*g + 120*g. What is the greatest common divisor of 112 and g?
16
Let n(t) = t**2 + 6*t + 5. Let g be n(-5). Suppose g*q = -q + 189. Suppose q = 4*j - 27. What is the greatest common factor of 81 and j?
27
Let a(p) = p**2 - 6. Let c be a(-3). Calculate the highest common divisor of 69 and c.
3
Let o be -38*(70/12 - 6)*9. Calculate the greatest common divisor of o and 969.
57
Suppose 0 = -5*b + 7*b - 100. Let g = 4 - -16. What is the highest common divisor of b and g?
10
Let a be (-9)/((-36)/16) - 2. Suppose -a*y + 3 = 1. Calculate the greatest common divisor of 9 and y.
1
Let b(f) be the third derivative of -f**5/60 - 3*f**4/4 - 13*f**3/6 - 18*f**2. Let u be b(-7). What is the highest common factor of 16 and u?
16
Let j be (-8 - -8) + (0 - -3). Suppose 2*p - 74 = i, 3*p - 2*p + j*i = 30. What is the highest common factor of p and 54?
18
Suppose 14 + 34 = 4*r. Let y(k) = k**3 - 8*k**2 + 8*k - 7. Let d be y(7). Suppose 3*l - 4*l + 96 = d. Calculate the greatest common factor of l and r.
12
Suppose 4 - 20 = -4*s. Let r be 39 + s - 0 - -2. What is the greatest common factor of r and 60?
15
Suppose -c + 4*m + 14 = 0, -4*c = -4*m + 7*m - 37. Calculate the highest common divisor of c and 30.
10
Let w = -1 + 3. Suppose -4*y = -3*a - 10, -3 = 3*y - 3*a - 9. Suppose x + 2*x - y*h = 31, -16 = 4*h. Calculate the greatest common factor of x and w.
1
Let h = 1 - 2. Let f be (-15)/(-5) + h*1. Let g(v) = -v**3 - 4*v**2 + 2*v - 5. Let k be g(-5). Calculate the highest common factor of f and k.
2
Suppose -221*s + 226*s - 25 = 0, -j + 5*s + 925 = 0. What is the highest common factor of j and 50?
50
Suppose -59 = -3*d + 106. What is the greatest common factor of d and 2750?
55
Let q = -270 + 294. Suppose -o - 14 + 38 = 0. Calculate the highest common divisor of o and q.
24
Let p be (-13)/(4/112*4). Let z be (-2)/(-13) - (-560)/p. Let x be (z/(-2))/(-12)*-8. What is the greatest common divisor of 6 and x?
2
Let a(v) = -8*v - 21. Let k be a(-4). What is the highest common divisor of k and 330?
11
Let b = -17 - -57. Calculate the greatest common factor of b and 5.
5
Let q = 6 - 12. Let a be (2 - -2) + 6/q. Let o be (-3 - (a - 10)) + 9. What is the greatest common factor of 13 and o?
13
Suppose 0 = -3*s + 41 + 1. Let k be 568/s - 12/21. What is the greatest common divisor of 20 and k?
20
Let y be ((-3360)/50)/(-8)*50. What is the greatest common divisor of y and 504?
84
Let f = -322 + 357. What is the highest common factor of 315 and f?
35
Suppose -1343 = -7*k + 323. Calculate the greatest common factor of 34 and k.
34
Suppose -495 = 22*k - 27*k. Suppose k = 3*j - 147. What is the greatest common divisor of 123 and j?
41
Let h(m) = -m + 6*m + 24 + 2*m + 5*m + 2*m**2. Let f be h(-3). Calculate the highest common divisor of f and 96.
6
Suppose -47 = -5*k + 18. Let c(z) = z - 1. Let o be c(-10). Let d = k - o. Calculate the greatest common factor of d and 16.
8
Let r be ((-6)/(-10) - 1698/(-120))*12. What is the highest common divisor of r and 3?
3
Suppose -1173 + 582 = 3*b - 624. Let z be (-1 + 26/4)*6. What is the greatest common factor of z and b?
11
Let z(a) = 2*a**3 + 18*a**2 + 29*a + 24. Let v be z(-7). Calculate the greatest common factor of 272 and v.
17
Let b = 93 + -82. Suppose b*k = 14 - 3. What is the greatest common divisor of k and 4?
1
Let l = -11 + 25. Let y(t) = t**3 - 13*t**2 - 15*t + 8. Let s be y(l). Let r = -4 - s. What is the greatest common factor of r and 12?
2
Suppose 2 = -f, 1743 = 4*d - f + 229. Calculate the highest common divisor of d and 54.
54
Let l be 3/(-18) + 75/18. Suppose -2*p + 0*n = l*n - 14, -3*n = 5*p - 21. Calculate the highest common divisor of p and 3.
3
Let t be 132/8 + 2/(-4). Let u = 42 + -34. Let i(o) = 16*o - 16. Let r be i(u). Calculate the greatest common divisor of r and t.
16
Let p(w) = -2*w + 18 - w**2 + 2*w - 6. Let k(u) = -u**2 + u + 12. Let s(i) = 4*k(i) - 5*p(i). Let d be s(-14). Calculate the highest common factor of 16 and d.
16
Let o be ((-95)/(-25) - 8)/((-1)/5). Calculate the highest common divisor of 1701 and o.
21
Let c(q) = q**2 - 3*q + 126. Let j be c(-21). What is the greatest common divisor of j and 35?
35
Suppose 0 = -5*n + 3*t + 14, 2*n - t - t = 4. Suppose -7*x + 3*x - n*y + 424 = 0, 0 = x + 5*y - 90. Calculate the greatest common divisor of 10 and x.
10
Suppose 2*c - 1736 = -2*a, -4*c + 2*c + 1734 = 3*a. What is the highest common divisor of c and 30?
30
Let z(m) = 22*m + 13. Let g be z(7). Suppose 79 = 3*d - g. What is the highest common divisor of 123 and d?
41
Let p be (3 + 1)*1*(-220)/(-16). Calculate the greatest common divisor of 1067 and p.
11
Let w = 2905 + -2900. What is the highest common divisor of w and 95?
5
Let v be 66 + (-5 - 5) - 1. What is the greatest common factor of 115 and v?
5
Suppose -33*l - 1728 = -39*l. What is the greatest common factor of 9 and l?
9
Suppose -5*v = -4*v - 75. Suppose 2*u - 205 = -5*t + 6*u, 0 = -2*t - u + 95. What is the greatest common factor of v and t?
15
Let y be (-34 + 0)/(-1*2). Let q = 37 + y. Suppose 158*x = 164*x - 216. What is the highest common divisor of q and x?
18
Suppose -2 - 46 = -h. Suppose -v - 3*v + 3*k = -474, 0 = 4*v - 5*k - 470. What is the greatest common divisor of h and v?
24
Suppose -5*p + 2*c + 50 = 0, -4*p + 3*c = -7*p + 30. Calculate the greatest common divisor of p and 70.
10
Suppose 12 = 6*a - 0*a. Calculate the greatest common divisor of 18 and a.
2
Suppose 3*k + 4*i = 6*i - 19, 0 = 5*i + 5. Let y be 1*13 + (-8 - k). Let h be 2 + -4 + 1 - -13. Calculate the highest common factor of y and h.
12
Let o be (25/(-4)*-2)/(1/(-4)). Let t = 80 + o. What is the greatest common factor of t and 15?
15
Let k(t) = -10*t**2 - 8*t - 4. Let z(f) = 29*f**2 + 23*f + 12. Let d(r) = 8*k(r) + 3*z(r). Let u be d(-1). Calculate the highest common divisor of 18 and u.
6
Let z be (3/6)/((-1)/(-22)). Calculate the greatest common factor of z and 33.
11
Let r be (-6)/((-15)/12 + 4/(-16)). Calculate the highest common divisor of 4 and r.
4
Let v be 36/(-198) - 2908/(-22). Calculate the greatest common factor of 36 and v.
12
Let j(v) = -2*v - 1. Let q(y) = y + 1. Let b(i) = -2*j(i) - 3*q(i). Let t be b(8). Let g be ((-3)/2)/(t/(-14)). What is the greatest common factor of 30 and g?
3
Let y(t) = t**3 + 9*t**2 - 17*t - 18. Suppose 0 = -4*f +